ds digit of r(-33)?
4
Suppose -4*a + 4*w + 447 = -5573, -3*a = 2*w - 4500. Let j = -901 + a. What is the hundreds digit of j?
6
Let m = -155 + 155. Suppose -2*s + 892 = -24*n + 20*n, s + 4*n - 440 = m. What is the units digit of s?
4
Let l = 288 + -288. Suppose 1824 = 3*j + 3*n, 3*j - 4*n + 0*n - 1831 = l. What is the units digit of j?
9
Let l(m) be the third derivative of -23*m**4/3 - 2*m**3 + 16*m**2. What is the tens digit of l(-1)?
7
Suppose 13329 = 3*v + 5*r - 12787, r = -1. What is the thousands digit of v?
8
Let y(v) = -5*v + 22. Let g be y(4). Suppose -5*z + 9 = -2*r, 3*r = g*r + z. What is the units digit of (1/7)/((r - 4)/(-7))?
1
What is the hundreds digit of (-9*(-1230)/540)/((-2)/(-2004))?
5
Suppose 0 = 2*x - 2, -2*x = 5*j - 12 - 15. Suppose -d + 0*d = -3*h - 6, -d + j*h = -10. Suppose -6*i - 4*i + 1610 = d. What is the units digit of i?
1
Let b = 8514 - -688. What is the tens digit of b?
0
Let i be (-17)/(68/16) + 4. Suppose 4*x + 471 - 2779 = i. What is the units digit of x?
7
Suppose -14*t + 11*t = -12. Let a(o) = 19*o**2 - 10*o + 16. What is the hundreds digit of a(t)?
2
Let j = 75 + -80. Let d = j + 4. What is the units digit of d/((-71)/35 - -2)?
5
Let k = -161 - -170. What is the hundreds digit of 90046/121 - k - 2/11?
7
Suppose 8*z = 3*z - 5. Let y = -265 - -267. What is the units digit of y/((-1)/(-39 - z))?
6
What is the units digit of 126844/(6 - 2) + -4 + (31 - 28)?
0
Suppose 0 = -12*j - 15331 + 63355. Suppose -176*a + 178*a = j. What is the units digit of a?
1
Suppose 0 = 5*u - u + 44. Let d = -14 - u. Let k(w) = -2*w**3 - 3*w**2 + 3*w - 3. What is the units digit of k(d)?
5
Suppose 0 = -16*v + 10*v + 72. What is the hundreds digit of 3292/v - (-14)/21?
2
Suppose -5*n = 135*y - 130*y - 25390, 5*n + y = 25402. What is the thousands digit of n?
5
Let s(u) = 1835*u + 277. Let m be s(9). Suppose m = 12*k + 3196. What is the tens digit of k?
3
Let f = 176 - -1477. Let g = f - 843. What is the tens digit of g?
1
Suppose 6*g - 7*g - 47604 = -3*g. What is the thousands digit of g?
3
Let w(r) = -r**3 + r**2 + 170. Let o be (-1)/(-6) - (-2)/(-12). What is the tens digit of w(o)?
7
Suppose 0 = -s + 6*s - 25, 0 = 4*g - 4*s + 4. Suppose 0 = -g*n - 12, 11*x - 1482 = 8*x - n. What is the units digit of x?
5
Suppose 3*v + 10632 + 13089 = 4*h, 11863 = 2*h - v. What is the thousands digit of h?
5
Let u(m) = -355*m + 903. What is the tens digit of u(-7)?
8
What is the tens digit of 93/(-2)*((-1306916)/(-78))/(-41)?
0
Let g(w) = 124*w**2 + 13*w + 2. Let z(a) = -4*a + 142. Let c be z(35). What is the tens digit of g(c)?
2
Suppose 82*s = -445353 + 1644849. What is the ten thousands digit of s?
1
What is the hundreds digit of ((-96496)/(-489))/(2/9)?
8
Let q = -62198 + 107328. What is the tens digit of q?
3
Let u be (-5210)/(-15) - (-6)/9. Suppose -5*o + 3*j + u = 0, 2*o - 65 = -2*j + 87. Suppose -6*b = -2*b - o. What is the units digit of b?
8
Let n(l) = 367*l**2 + 56*l - 174. What is the thousands digit of n(7)?
8
Suppose -82*u + 626800 = -118068 - 809770. What is the ten thousands digit of u?
1
Suppose -24*x - 11*x = 3570. What is the thousands digit of x/(-1)*(-6)/((-48)/92)?
1
Let c(z) = 91*z - 219. Let l be c(7). Suppose -423*s + 6060 = -l*s. What is the tens digit of s?
1
Suppose 4*v + 27 - 54 = -3*x, 0 = -2*v + 4*x - 14. Suppose 0 = -5*d - 3*p + 6458 - 1113, 0 = v*p + 15. What is the hundreds digit of d?
0
Suppose 11*w + 0*w = -902. Let c = 80 + w. What is the units digit of (2/(-10))/(c/5)*316?
8
Suppose -11*n + 6381 - 1541 = 0. Suppose 5*l = 5*y + n, 0 = -3*l - 5*y + 156 + 108. What is the tens digit of l?
8
Suppose -11*m + 5*m + 108 = 0. Let k = -18 + m. What is the units digit of (k + 46)*2/4?
3
Suppose -w + 4*w - 3*z = 9, w + 3*z + 17 = 0. What is the hundreds digit of ((-9225)/180)/(w/8)?
2
Suppose 5*b = 16*b - 12633 - 70604. What is the thousands digit of b?
7
Let r(u) = -u - 6*u + 47 + 3*u - 11. Let o be r(9). Let h(j) = -2*j + 118. What is the units digit of h(o)?
8
Let w be (-19292)/49 + 2/(-7). Let s = w + 667. What is the hundreds digit of s?
2
Let i = -38101 + 40710. What is the hundreds digit of i?
6
What is the units digit of 58/4*(702 + -316)?
7
Let i be 33/9 + 8/(-12). Let p be ((-21)/(-5) - i)*(-70)/(-3). Suppose -l + p = l. What is the tens digit of l?
1
Suppose 0 = i + 2*i - 5*s + 90, -15 = -5*s. Let g(t) = -t**2 - 41*t + 43. What is the tens digit of g(i)?
4
Let q = -25163 - -35176. What is the ten thousands digit of q?
1
Let x(v) = -567*v - 40. What is the hundreds digit of x(-10)?
6
Let x = -68 - -68. Suppose 11*i = -2*m + 9*i + 2842, 2*m - 5*i - 2863 = x. What is the hundreds digit of m?
4
Let b = -57 - -62. Suppose 6*r + 22 = 3*r - b*q, -4*q = -3*r - 58. Let i = r - -61. What is the tens digit of i?
4
Suppose 73*n - 85024 = -23*n + 52928. What is the units digit of n?
7
Suppose n + 10 + 2 = 4*p, 0 = 2*p - 2*n - 12. Suppose -y = 5*r + 88, p*y + 4*r = y - 89. Let d = y - -236. What is the units digit of d?
3
Suppose -3*h - 3 = -3*j, 0 = -12*h + 9*h + 4*j - 6. Suppose -3*q + 5629 = -h*p, -3740 = -2*q - 7*p + 2*p. What is the hundreds digit of q?
8
Let i be (10 - 6)/(-8)*-4 + -2. Suppose -16*x + 4960 - 896 = i. What is the hundreds digit of x?
2
Suppose -d = 3521 - 6302 - 6056. What is the tens digit of d?
3
Suppose v = -3*d - 12 + 104, -368 = -4*v - 3*d. Let c(g) = 172*g - 514. Let o be c(3). Suppose -f + 46 = o*a + 10, 3*f = -5*a + v. What is the units digit of a?
6
Let n = 998 - 250. What is the units digit of n?
8
Let r(h) = 3*h**2 + 11*h + 3. What is the tens digit of r(-21)?
9
Suppose 6 = s - 2. Let r(a) = 27*a - 2*a - 448 + 462. What is the hundreds digit of r(s)?
2
Suppose 9*f - 60 = 120. Suppose 0 = 13*h - 18*h + f. What is the units digit of h?
4
Suppose -4*n + 35 = -0*i + 3*i, -4*n + 5*i = -59. Suppose -5*p - n = -j, -2*j + 0*p = -p - 13. Let m(q) = 7*q + 2. What is the tens digit of m(j)?
4
Suppose 5*x = -3*x + 32. Suppose 2*g = -x*m + 162, -3*m - 9*g + 132 = -4*g. Let v = m + -32. What is the units digit of v?
7
Let y(m) be the third derivative of -1/60*m**5 - 20*m**2 + 0 + 17/6*m**3 + 13/12*m**4 + 0*m. What is the units digit of y(13)?
6
Let s(x) = 2*x**2 + 5*x - 24. Let d be (-15)/(-9*1/(-6)). Let f be s(d). Suppose f = -4*p + 6*p. What is the tens digit of p?
6
Let b(h) = -1146*h + 1472. What is the hundreds digit of b(-40)?
3
Let s(k) = -368*k**2 - 6*k - 5. Let x be s(-1). Let h = x - -744. What is the hundreds digit of h?
3
Suppose -7*w = -w - 30. Suppose -3*r + r = -w*r. Suppose -p - 1 + 29 = r. What is the tens digit of p?
2
Suppose -79*r - 428320 + 2193179 + 1133730 = 0. What is the ten thousands digit of r?
3
Suppose 0 = 13*f + 13030 - 119227. What is the tens digit of f?
6
Let z(b) = -19*b**3 + 2*b**2 + b - 5. Let k be z(-5). Suppose 17*r - 12*r = k. What is the units digit of r?
3
Suppose 10 = 2*k - 0*k + 5*w, k - 5 = -4*w. Suppose -1146 = -k*z - u, 0 = -2*u - 0 + 2. What is the hundreds digit of z?
2
Let l(y) = -2*y**3 + 36*y**2 - 4. Let t be l(18). What is the units digit of (t/2 + 11)*2041/39?
1
Let m = -249 + 249. Suppose m = -56*z + 54*z + 1298. What is the hundreds digit of z?
6
Suppose 5*r = f + 2804, -253*r - 2*f - 1120 = -255*r. What is the units digit of r?
1
Let w(j) = 323*j**2 - 19*j - 32. What is the units digit of w(-8)?
2
Suppose 5*u - 7*u + s - 159 = 0, 5*u + 380 = -s. What is the tens digit of (720/(-56))/(1/u)?
9
Let s = 57209 + 32976. What is the units digit of s?
5
Suppose 2*w = -b + 784, -3*b + 2870 = 5*w + 912. Let o = 552 - w. What is the units digit of o?
8
Suppose 22 = 2*b + 3*f, 17 = -b + 4*f + 6. Suppose 0 = v + l - 11, 6 = 2*l - b*l. Suppose -17*i = -v*i - 256. What is the tens digit of i?
6
Let o = 41254 - 20904. What is the units digit of o?
0
Let p(z) = 7*z**2 - 2*z. Let y be p(2). Suppose -y = 3*b + 3*v, 3*b + v = -v - 23. Let m(t) = t**3 + 7*t**2 - 5*t + 3. What is the tens digit of m(b)?
3
Let w be ((70/(-8))/(-7))/((-2)/(-40)). Suppose 14*f - 19*f = -w. Suppose -5*u + 110 = -f*q, -4*u + 70 = -0*u + 5*q. What is the tens digit of u?
2
Let o(q) = -q**3 - 12*q**2 - 9*q + 8. Let r be o(-11). Let f be 1120/6 + r/(-42). Suppose -2*v + 3*m = -f, 86 = v - 2*m + 3*m. What is the units digit of v?
9
Let j(s) = 39*s - 18. Let a be j(-11). Let o = -32 - a. What